 factors of 844000029.
3, 4691, 19991
List the prime factors of 270390715.
5, 7, 7725449
What are the prime factors of 321220225?
5, 12848809
What are the prime factors of 261375317?
7, 37339331
What are the prime factors of 53358191?
53358191
What are the prime factors of 216708160?
2, 5, 677213
What are the prime factors of 1151525616?
2, 3, 179, 223, 601
List the prime factors of 252909741.
3, 7, 19, 73, 457
What are the prime factors of 157706609?
157706609
What are the prime factors of 334686728?
2, 41835841
What are the prime factors of 87828537?
3, 29276179
What are the prime factors of 355063237?
355063237
What are the prime factors of 884830618?
2, 7, 4177, 15131
List the prime factors of 6555006.
2, 3, 43, 941
List the prime factors of 186049084.
2, 13, 67, 53401
List the prime factors of 493314242.
2, 246657121
What are the prime factors of 374509472?
2, 11703421
What are the prime factors of 6258267?
3, 467, 1489
What are the prime factors of 50545597?
43, 1175479
List the prime factors of 34112944.
2, 71, 30029
List the prime factors of 54864152.
2, 7, 979717
List the prime factors of 438095846.
2, 1193, 183611
List the prime factors of 651212102.
2, 31, 41, 256181
What are the prime factors of 932985975?
3, 5, 19, 654727
What are the prime factors of 99363060?
2, 3, 5, 31, 17807
What are the prime factors of 1105899036?
2, 3, 11, 1523, 5501
List the prime factors of 234341572.
2, 23, 37, 43, 1601
List the prime factors of 656022414.
2, 3, 109337069
List the prime factors of 160875537.
3, 2467, 21737
What are the prime factors of 456522456?
2, 3, 13, 67, 21839
What are the prime factors of 2770295478?
2, 3, 53, 8711621
List the prime factors of 1154163213.
3, 7, 137, 133723
What are the prime factors of 1614391077?
3, 13, 17, 53, 45943
What are the prime factors of 3766395539?
89, 743, 56957
What are the prime factors of 110986587?
3, 12331843
List the prime factors of 3833577399.
3, 1277859133
List the prime factors of 63420486.
2, 3, 10570081
List the prime factors of 6996207.
3, 67, 34807
What are the prime factors of 1385265281?
17, 19, 4288747
What are the prime factors of 243224765?
5, 7, 47, 199, 743
List the prime factors of 1140319878.
2, 3, 190053313
What are the prime factors of 1476094509?
3, 59, 34319
List the prime factors of 165896580.
2, 3, 5, 43, 64301
List the prime factors of 336218576.
2, 29, 724609
What are the prime factors of 11585682?
2, 3, 643649
List the prime factors of 633048202.
2, 316524101
What are the prime factors of 315270699?
3, 5171, 20323
What are the prime factors of 180028493?
7499, 24007
List the prime factors of 1050974482.
2, 5689, 92369
List the prime factors of 254578214.
2, 11, 23, 263, 1913
List the prime factors of 306245710.
2, 5, 30624571
What are the prime factors of 108392582?
2, 79, 686029
List the prime factors of 2124924243.
3, 13, 54485237
List the prime factors of 79785343.
11, 181, 3643
What are the prime factors of 272144139?
3, 37, 2451749
What are the prime factors of 34493713?
181, 190573
List the prime factors of 54147037.
7, 23, 336317
List the prime factors of 496494349.
13, 337, 113329
What are the prime factors of 439691685?
3, 5, 163, 179833
List the prime factors of 84805907.
47, 1804381
List the prime factors of 268772551.
29, 37, 107, 2341
List the prime factors of 6871455372.
2, 3, 572621281
List the prime factors of 36987784.
2, 17, 271969
What are the prime factors of 1055240595?
3, 5, 7816597
List the prime factors of 5275542181.
7, 13, 71, 816521
What are the prime factors of 56846664?
2, 3, 7, 41, 131
What are the prime factors of 4620993120?
2, 3, 5, 751, 4273
List the prime factors of 46220130.
2, 3, 5, 11, 46687
What are the prime factors of 672346470?
2, 3, 5, 1499, 14951
List the prime factors of 236516902.
2, 19, 233, 26713
List the prime factors of 4297941748.
2, 4721, 227597
What are the prime factors of 452523128?
2, 56565391
What are the prime factors of 288612183?
3, 96204061
List the prime factors of 67291395.
3, 5, 4486093
List the prime factors of 101157659.
127, 796517
What are the prime factors of 740331969?
3, 13, 18982871
List the prime factors of 768464612.
2, 251, 631, 1213
List the prime factors of 424781438.
2, 293, 347, 2089
What are the prime factors of 529001303?
173, 3057811
What are the prime factors of 31941300?
2, 3, 5, 17, 6263
What are the prime factors of 2578762500?
2, 3, 5, 68767
What are the prime factors of 54379602?
2, 3, 3021089
What are the prime factors of 658827343?
101, 6523043
List the prime factors of 21796345.
5, 103, 42323
List the prime factors of 701395018.
2, 677, 518017
What are the prime factors of 2347233456?
2, 3, 48900697
List the prime factors of 42836485.
5, 8567297
List the prime factors of 153112234.
2, 11, 17, 409391
What are the prime factors of 147020298?
2, 3, 24503383
List the prime factors of 48268136.
2, 7, 59, 2087
List the prime factors of 2944553.
17, 173209
What are the prime factors of 104944405?
5, 20988881
List the prime factors of 1792355100.
2, 3, 5, 59, 131, 773
List the prime factors of 2368743028.
2, 421, 1406617
List the prime factors of 709664966.
2, 17, 20872499
What are the prime factors of 2019954307?
7, 157, 191, 9623
List the prime factors of 102234264.
2, 3, 11, 23, 113, 149
What are the prime factors of 70959416?
2, 11, 23, 35059
What are the prime factors of 2000977334?
2, 1000488667
What are the prime factors of 12755563?
29, 43, 53, 193
List the prime factors of 34351943.
19, 1807997
List the prime factors of 64838436.
2, 3, 13, 415631
What are the prime factors of 244135600?
2, 5, 610339
List the prime factors of 1098071119.
31, 53, 293, 2281
What are the prime factors of 1332646606?
2, 666323303
What are the prime factors of 231996727?
257, 467, 1933
What are the prime factors of 163796533?
7331, 22343
List the prime factors of 811105408.
2, 29, 218509
List the prime factors of 2185819.
43, 50833
What are the prime factors of 424184749?
31, 101, 135479
List the prime factors of 10094352.
2, 3, 210299
What are the prime factors of 5655084094?
2, 11, 317, 810881
List the prime factors of 70230185.
5, 491, 28607
List the prime factors of 106970982.
2, 3, 17828497
List the prime factors of 4742110209.
3, 107, 14772929
What are the prime factors of 395644838?
2, 197822419
What are the prime factors of 7354574?
2, 17, 29, 7459
List the prime factors of 656594899.
53, 12388583
What are the prime factors of 16756024?
2, 19, 110237
List the prime factors of 659044203.
3, 19, 571, 20249
What are the prime factors of 30549161?
37, 89, 9277
List the prime factors of 47408588.
2, 11852147
List the prime factors of 497193625.
5, 3977549
List the prime factors of 1860461280.
2, 3, 5, 31, 71, 587
List the prime factors of 280064012.
2, 70016003
What are the prime factors of 58803259?
83, 708473
What are the prime factors of 63057542?
2, 19, 29, 57221
List the prime factors of 1118187875.
5, 7, 41, 71, 439
What are the prime factors of 138887084?
2, 7, 163, 30431
What are the prime factors of 74575194?
2, 3, 73, 170263
What are the prime factors of 115563391?
257, 449663
List the prime factors of 87273287.
5417, 16111
List the prime factors of 171785119.
11, 17, 67, 13711
List the prime factors of 544760605.
5, 5417, 20113
List the prime factors of 280038.
2, 3, 11, 4243
What are the prime factors of 3733384786?
2, 43, 3301, 13151
List the prime factors of 172436184.
2, 3, 167, 14341
List the prime factors of 640377844.
2, 43, 409, 9103
List the prime factors of 2792784.
2, 3, 83, 701
What are the prime factors of 403863940?
2, 5, 41, 67, 7351
List the prime factors of 6156968105.
5, 29, 42461849
What are the prime factors of 682958028?
2, 3, 2953, 19273
What are the prime factors of 28798963?
3319, 8677
What are the prime factors of 52160085?
3, 5, 386371
List the prime factors of 23162541.
3, 23, 335689
What are the prime factors of 37324810?
2, 5, 107, 34883
List the prime factors of 2459462827.
29, 53, 163, 9817
What are the prime factors of 109632059?
47, 2332597
What are the prime factors of 4809136265?
5, 19, 29, 211, 8273
What are the prime factors of 1737222258?
2, 3, 461, 628063
What are the prime factors of 73436967?
3, 8159663
List the prime factors of 6681552.
2, 3,